{"id":1449,"date":"2019-10-01T14:22:19","date_gmt":"2019-10-01T20:22:19","guid":{"rendered":"https:\/\/www.festerroma.com.mx\/tienda\/product\/import-placeholder-for-694\/"},"modified":"2026-02-09T19:38:12","modified_gmt":"2026-02-10T01:38:12","slug":"festermip-10-app-ps-4-0","status":"publish","type":"product","link":"https:\/\/www.festerroma.com.mx\/tienda\/festermip-10-app-ps-4-0\/","title":{"rendered":"FESTERMIP 10 APP PS 4.0"},"content":{"rendered":"<div class=\"product__descriptionText\">\n<p>Prefabricado con acabado gravilla, de r\u00e1pida aplicaci\u00f3n, elaborado con asfalto modificado con APP (Polipropileno At\u00e1ctico) y reforzado internamente con una membrana de poli\u00e9ster de 180 g\/m\u00b2 de alta resistencia.<\/p>\n<p>\u00a0<\/p>\n<p><b>NORMA<\/b><\/p>\n<ul>\n<li>CUMPLE CON LA NORMA MEXICANA NMX-C-437-ONNCCE-2004<\/li>\n<\/ul>\n<p>\u00a0<\/p>\n<p><b>PRESENTACI\u00d3N<\/b><\/p>\n<ul>\n<li>Rollo de 10 x 1 m<\/li>\n<\/ul>\n<p>\u00a0<\/p>\n<p><b>USOS<\/b><\/p>\n<ul>\n<li>Como capa \u00fanica en un sistema impermeable prefabricado. Como segunda capa en sistemas reforzados al aplicar sobre el Festermip APP PS liso.<\/li>\n<li>Como impermeabilizante para superficies horizontales, inclinadas y verticales de concreto, madera, pamac\u00f3n, fibra de vidrio, pre-colados, etc.<\/li>\n<li>Para \u00e1reas como jardineras, faldones, etc. Estructuras bajo tierra y sitios en inmersi\u00f3n constante.<\/li>\n<\/ul>\n<p>\u00a0<\/p>\n<p><b>RENDIMIENTO<\/b><\/p>\n<ul>\n<li>8.9 m2 por rollo.<\/li>\n<\/ul>\n<p>\u00a0<\/p>\n<p><b>VENTAJAS<\/b><\/p>\n<ul>\n<li>Gran flexibilidad que le permite adaptarse a los movimientos estructurales sin perder su adherencia.<\/li>\n<li>Compatible con la mayor\u00eda de los sistemas constructivos.<\/li>\n<li>Alto rango de desempe\u00f1o entre -10\u00b0C y los 120\u00b0C, por lo cual resulta id\u00f3neo para zonas con cambios dr\u00e1sticos de temperatura.<\/li>\n<\/ul>\n<\/div>\n<div class=\"product__benefits\">\n<p tabindex=\"-1\">\u00a0<\/p>\n<p id=\"beneficios-1\" class=\"product__benefitsTitle\" tabindex=\"-1\"><strong>BENEFICIOS<\/strong><\/p>\n<div class=\"product__benefitsList\">\n<ul>\n<li>Al colocarlo con flama directa forma un manto herm\u00e9tico al paso del agua, de excelente durabilidad y resistencia que no requiere recubrimiento reflectivo adicional.<\/li>\n<li>Resiste pr\u00e1cticamente todo tipo de climas, pero sobre todo es altamente recomendado para condiciones donde prevalezcan las altas temperaturas.<\/li>\n<li>Colocaci\u00f3n r\u00e1pida, limpia y segura, con alto rendimiento en m\u00b2 \/ horas hombre<\/li>\n<\/ul>\n<\/div>\n<\/div>\n","protected":false},"excerpt":{"rendered":"<p>Manto Impermeable Prefabricado modificado<\/p>\n","protected":false},"featured_media":705,"comment_status":"open","ping_status":"closed","template":"","meta":{"_joinchat":[]},"product_brand":[],"product_cat":[65,70],"product_tag":[566],"class_list":{"0":"post-1449","1":"product","2":"type-product","3":"status-publish","4":"has-post-thumbnail","6":"product_cat-impermeabilizantes","7":"product_cat-mantos-impermeables-prefabricados","8":"product_tag-1-x-10-m-2","10":"first","11":"instock","12":"taxable","13":"shipping-taxable","14":"purchasable","15":"product-type-simple"},"_links":{"self":[{"href":"https:\/\/www.festerroma.com.mx\/tienda\/wp-json\/wp\/v2\/product\/1449","targetHints":{"allow":["GET"]}}],"collection":[{"href":"https:\/\/www.festerroma.com.mx\/tienda\/wp-json\/wp\/v2\/product"}],"about":[{"href":"https:\/\/www.festerroma.com.mx\/tienda\/wp-json\/wp\/v2\/types\/product"}],"replies":[{"embeddable":true,"href":"https:\/\/www.festerroma.com.mx\/tienda\/wp-json\/wp\/v2\/comments?post=1449"}],"wp:featuredmedia":[{"embeddable":true,"href":"https:\/\/www.festerroma.com.mx\/tienda\/wp-json\/wp\/v2\/media\/705"}],"wp:attachment":[{"href":"https:\/\/www.festerroma.com.mx\/tienda\/wp-json\/wp\/v2\/media?parent=1449"}],"wp:term":[{"taxonomy":"product_brand","embeddable":true,"href":"https:\/\/www.festerroma.com.mx\/tienda\/wp-json\/wp\/v2\/product_brand?post=1449"},{"taxonomy":"product_cat","embeddable":true,"href":"https:\/\/www.festerroma.com.mx\/tienda\/wp-json\/wp\/v2\/product_cat?post=1449"},{"taxonomy":"product_tag","embeddable":true,"href":"https:\/\/www.festerroma.com.mx\/tienda\/wp-json\/wp\/v2\/product_tag?post=1449"}],"curies":[{"name":"wp","href":"https:\/\/api.w.org\/{rel}","templated":true}]}}