{"id":1491,"date":"2019-10-01T14:23:12","date_gmt":"2019-10-01T20:23:12","guid":{"rendered":"https:\/\/www.festerroma.com.mx\/tienda\/product\/import-placeholder-for-759\/"},"modified":"2026-04-18T13:13:13","modified_gmt":"2026-04-18T19:13:13","slug":"fester-endumin","status":"publish","type":"product","link":"https:\/\/www.festerroma.com.mx\/tienda\/fester-endumin\/","title":{"rendered":"FESTER ENDUMIN"},"content":{"rendered":"<div class=\"product__descriptionText\">\n<p>Agregado mineral no oxidable, de granulometr\u00eda uniforme y agentes dispersantes que permiten la integraci\u00f3n del endurecedor a la superficie del concreto, produciendo un acabado de alta resistencia a la abrasi\u00f3n<\/p>\n<p>\u00a0<\/p>\n<p><b>USOS<\/b><\/p>\n<ul>\n<li>Para endurecer superficies de concreto sometidas a abrasi\u00f3n e impacto.<\/li>\n<li>En pisos de concreto expuestos a tr\u00e1nsito vehicular continuo.<\/li>\n<\/ul>\n<p>\u00a0<\/p>\n<p><b>VENTAJAS<\/b><\/p>\n<ul>\n<li>Aumenta la durabilidad de la superficie del concreto hasta en 8 veces.<\/li>\n<li>Reduce la necesidad de reparaciones en el concreto<\/li>\n<li>Evita el desprendimiento del polvo y el desgaste prematuro<\/li>\n<\/ul>\n<p>\u00a0<\/p>\n<p><b>NORMA<\/b><\/p>\n<p>ASTM C-309 tipo 2, clase A<\/p>\n<p><b><br \/>PRESENTACI\u00d3N<\/b><\/p>\n<p>Saco 30kg<\/p>\n<\/div>\n<div class=\"product__benefits\">\n<p tabindex=\"-1\">\u00a0<\/p>\n<p id=\"beneficios-1\" class=\"product__benefitsTitle\" tabindex=\"-1\"><strong>BENEFICIOS<\/strong><\/p>\n<div class=\"product__benefitsList\">\n<ul>\n<li>Puede ser usado en interiores y exteriores<\/li>\n<li>Incrementa hasta 8 veces la durabilidad de los concretos tratados<\/li>\n<li>Produce superficies endurecidas y resistencias al intemperismo<\/li>\n<\/ul>\n<\/div>\n<\/div>\n","protected":false},"excerpt":{"rendered":"<p>Endurecedor mineral para pisos de concreto<\/p>\n","protected":false},"featured_media":785,"comment_status":"open","ping_status":"closed","template":"","meta":{"_joinchat":[]},"product_brand":[],"product_cat":[50,54],"product_tag":[495,496],"class_list":{"0":"post-1491","1":"product","2":"type-product","3":"status-publish","4":"has-post-thumbnail","6":"product_cat-auxiliares-y-aditivos-para-concreto","7":"product_cat-fester-endumin","8":"product_tag-30-kg","9":"product_tag-saco","11":"first","12":"instock","13":"taxable","14":"shipping-taxable","15":"purchasable","16":"product-type-simple"},"_links":{"self":[{"href":"https:\/\/www.festerroma.com.mx\/tienda\/wp-json\/wp\/v2\/product\/1491","targetHints":{"allow":["GET"]}}],"collection":[{"href":"https:\/\/www.festerroma.com.mx\/tienda\/wp-json\/wp\/v2\/product"}],"about":[{"href":"https:\/\/www.festerroma.com.mx\/tienda\/wp-json\/wp\/v2\/types\/product"}],"replies":[{"embeddable":true,"href":"https:\/\/www.festerroma.com.mx\/tienda\/wp-json\/wp\/v2\/comments?post=1491"}],"wp:featuredmedia":[{"embeddable":true,"href":"https:\/\/www.festerroma.com.mx\/tienda\/wp-json\/wp\/v2\/media\/785"}],"wp:attachment":[{"href":"https:\/\/www.festerroma.com.mx\/tienda\/wp-json\/wp\/v2\/media?parent=1491"}],"wp:term":[{"taxonomy":"product_brand","embeddable":true,"href":"https:\/\/www.festerroma.com.mx\/tienda\/wp-json\/wp\/v2\/product_brand?post=1491"},{"taxonomy":"product_cat","embeddable":true,"href":"https:\/\/www.festerroma.com.mx\/tienda\/wp-json\/wp\/v2\/product_cat?post=1491"},{"taxonomy":"product_tag","embeddable":true,"href":"https:\/\/www.festerroma.com.mx\/tienda\/wp-json\/wp\/v2\/product_tag?post=1491"}],"curies":[{"name":"wp","href":"https:\/\/api.w.org\/{rel}","templated":true}]}}